-5*g. What is the units digit of g?
7
Let d be 0*((-5)/2 - -2). Suppose 3*j - 112 = -y, 3*j - 4*j + 5*y + 48 = d. Suppose 0*m - j = -2*m. What is the units digit of m?
9
Let o(a) = -a**3 + 2*a**2 + 2*a - 1. Let v be o(3). Let i(r) = -3*r - 4. Let l be i(v). Suppose t = 2*s - l, 6*s - 2*s = -t + 16. What is the units digit of s?
4
Let j(w) = w**2 - 54. Let r be j(0). Let f be ((-3)/6)/(1/r). Suppose 5*l + f = 62. What is the units digit of l?
7
Let p(w) = -2*w - 5. Let m be p(4). Let s = m + 27. What is the tens digit of s?
1
Let p be 9/6 + 21/(-6). What is the units digit of p/(-7) - (-525)/49?
1
Let u(h) = h**2 + 6*h - 5. Suppose 3*l = t + 7*l - 4, 5*t - 3*l + 49 = 0. What is the tens digit of u(t)?
1
Let i(z) = 2*z - 8. Let p be i(6). Suppose -4*l = -4*m - 148, 0*l + p*m = -3*l + 111. What is the units digit of l?
7
What is the tens digit of (-512)/(-16) - -4*1?
3
Let x = -1 + 6. Suppose 4*t - x*r + 4 = 0, -5*r + 8 + 4 = -2*t. Suppose -t*w + 5 = -3*w. What is the units digit of w?
5
Let v = 18 + -13. Suppose -33 = -v*i - 3. What is the units digit of i?
6
Let b(o) = -3*o**3 + 2*o**2 + 3*o - 2. Let g be b(2). Let q = 24 + g. Let c = -8 + q. What is the units digit of c?
4
Let k(o) = o**2 + 8*o + 10. Let v = 6 + -13. What is the units digit of k(v)?
3
Suppose -q - f = -34, 0 = 2*q + q - f - 98. What is the units digit of q?
3
Let b(q) = -2*q + 7. What is the units digit of b(-9)?
5
Let y be (0 + 2)/((-1)/(-2)). Suppose -3*w - 3*r = -0*w - 57, -3*w - y*r = -58. What is the units digit of w?
8
Suppose 0 = -y + 2*y + 5. Let p(l) = -l**2 - 7*l + 2. What is the units digit of p(y)?
2
Suppose 4*o + 5*p - 705 = o, 3*o - 708 = -4*p. Suppose -d = 4*d - o. What is the tens digit of d?
4
Suppose 4*s = 5*d + 26, 2*s - 5*s - 3*d = -6. Let w(t) = -t**3 + 3*t**2 + 5*t - 5. Let h be w(s). What is the units digit of (-2 - 3*h) + 0?
1
Let w(y) = 4*y**2 + 2*y + 1. What is the tens digit of w(-2)?
1
Suppose -2*u + 89 = 3*t - 4*u, 3*t - u - 85 = 0. What is the tens digit of t?
2
Let g = 15 + -8. Suppose -43 = -4*t - 5*k, 4*t - 2*k + g = 29. What is the units digit of t?
7
Let n(s) = 2*s**2 - 5*s + 3. Suppose -5*a + 28 = -22. Suppose a = -5*h, 2 = -3*d - 5*h + 1. What is the units digit of n(d)?
6
Let c(z) = -29*z - 1. Let l be c(-5). Suppose -4*u + l - 28 = 0. What is the units digit of u?
9
Let m = 8 - 8. What is the units digit of 19 - m/((-6)/2)?
9
Let h = -15 - -1. Let i = 10 - h. Suppose -4*m = -i - 20. What is the units digit of m?
1
Let r(t) = 7*t - 3. Let a be r(3). What is the tens digit of 2 - (-1 - 0)*a?
2
Suppose 0 = 4*k, 0*k = -5*p + 3*k - 20. Let y = p + 11. Let g(i) = -i + 9. What is the units digit of g(y)?
2
Suppose -3*s - 4*a + 32 = -0*a, -s - 3*a + 19 = 0. Suppose -2*z + z - 2*t + 11 = 0, -8 = -s*t. What is the units digit of z?
7
Let o(c) = c**2 - 2*c + 2. What is the units digit of o(1)?
1
Let o = -26 + 28. Suppose o*d + 3 = 41. What is the tens digit of d?
1
Let l(m) = m + 4. Let f be l(5). Let y(z) = z**3 - 8*z**2 - 9*z + 2. What is the units digit of y(f)?
2
Suppose 180 = 2*l - 7*l. Let j = -92 - -71. Let z = j - l. What is the units digit of z?
5
Let z be (2 + 0)/(-2) + 10. Suppose z*p - 5 = 4*p. Suppose -p = d - 2*d. What is the units digit of d?
1
Suppose 0 = -2*r + r + 7. What is the units digit of r?
7
Suppose -3*w - 92 = -470. What is the hundreds digit of w?
1
Suppose -3*v - 13 = -4. What is the tens digit of ((2 - v) + -3)*5?
1
Let y be 4/(-18) - (-367)/(-9). Let w = 76 + y. Suppose 0*t - 3*t + 31 = 4*k, -3*t - 5*k + w = 0. What is the units digit of t?
5
Let b(i) = -2*i + 2. What is the tens digit of b(-6)?
1
Suppose 138 - 46 = 3*a - 2*c, 0 = a - 3*c - 40. What is the units digit of a?
8
Let c(x) = x**3 - 6*x**2 + 7*x - 6. Let i be c(5). Suppose -i*m = -3*m. Suppose 2*f - 28 = -3*d, -2*d + 0*d = m. What is the units digit of f?
4
Let j = -3 + 6. Suppose 3*i = 5*h + 5, -h = j*i + 2*i + 1. What is the tens digit of (2/((-2)/11))/h?
1
Let h be (-24)/(-20)*(-42 - -2). Let y = -31 - h. What is the tens digit of y?
1
Suppose -2*n = n - 15. Let v(s) = 3*s**2 + 2*s - 1. Let d be v(1). Suppose -21 = -r - d*m, -n*r = 2*m + m - 54. What is the units digit of r?
9
Let k be 536/12 + (-1)/(-3). Suppose -3*b + 0*b + k = 5*r, 13 = -r - 5*b. What is the tens digit of r?
1
Let o(u) = 2*u - 3*u**2 + 2*u + 7 + 4*u**2 - 1. Suppose 14 = 5*l + 34. What is the units digit of o(l)?
6
Suppose 4*r = 2*t - 18, 5*t + 2*r - 23 = r. Let o = 10 - t. What is the units digit of (-4 + o)/(1/9)?
9
Let m(j) = j**3 + 9*j**2 + 8*j - 7. Let g be m(-7). What is the units digit of 14/g - (-18)/5?
4
Suppose 0 = m + 2*h + 6, 6*m - 3*m + 5*h = -13. Suppose -2*f - m = -3*s, f + 0*f + 9 = 5*s. What is the units digit of s?
2
Let w(k) = -k**3 + 5*k**2 + 3*k + 3. Suppose 0 - 6 = -2*b. What is the units digit of w(b)?
0
Let a(u) = 21*u**3 - 2*u**2. What is the tens digit of a(2)?
6
Let v = 18 - 13. Suppose -v*q - 33 + 83 = 0. What is the units digit of q?
0
Suppose 17*h - 14*h - 771 = 0. What is the tens digit of h?
5
Let m be (12/(-3))/((-2)/11). Let f = m + -36. What is the units digit of (-6)/9 - f/3?
4
Let i(v) = 1 - 1 + 10*v**2 - 3*v**2. What is the units digit of i(-2)?
8
Suppose 2 = -4*k + 26. What is the units digit of k?
6
Let c(q) = -q**3 - 2*q**2 - q - 1. Let t be c(-2). What is the tens digit of (6 + t)*(5 + -3)?
1
Suppose 4*r - 10 = -5*m - r, -r = -3*m + 14. Suppose -2*s = i - 12, -3*s + 15 = m*i + 2. What is the units digit of s?
7
Let c = -6 - 12. Let l = -7 - c. What is the units digit of l?
1
Let p(g) = 3*g + 24. What is the tens digit of p(2)?
3
Suppose 2*m = -5*t - 6, 12 = 3*m - 7*t + 4*t. Suppose 7*h = m*h + 10. What is the units digit of h?
2
Let v = 144 + 11. What is the tens digit of v?
5
What is the tens digit of (-15)/5 + -1 + 81?
7
Let z = 5 - -2. What is the units digit of z?
7
Let h(s) = -s**3 - 4*s**2 + 9*s + 1. What is the units digit of h(-6)?
9
Let r(s) = 7*s**2 + 3*s - 7. What is the units digit of r(4)?
7
Let b(c) be the third derivative of c**5/60 + c**4/8 - c**3/3 - 2*c**2. What is the units digit of b(2)?
8
Suppose x - 1 = 1. Suppose -2*j = 4*z - 8, -5 + 1 = -x*z + 4*j. Suppose -z*c + 21 = c. What is the units digit of c?
7
Let b = -4 - -6. Suppose 104 = 3*y + b*j, -2*y + 52 = -5*j + 2*j. What is the units digit of y?
2
Let z(f) = 8*f - f - f + f. What is the units digit of z(1)?
7
Let o be ((-2)/(-3))/((-24)/396). Let z = 5 - o. What is the units digit of z?
6
Let c = 1 + -2. Suppose -6*n + 3*v = -2*n - 31, 1 = -v. Let g = c + n. What is the units digit of g?
6
Let c = -33 + 53. Suppose -2*i + 3*r - r = -c, 5*i = -3*r + 50. What is the units digit of i?
0
Let l be 12*(2 + 52/16). Suppose -l = -z - 2*z. What is the tens digit of z?
2
Suppose -3 = -o, -5*k + 4*o = 3*o - 302. What is the units digit of k?
1
Suppose 0 = -r + 2*i + 3, -2*r - 3*i + 6 = -2*i. Suppose -4 = 4*f + 2*k, -f + 4*f = r*k + 15. What is the units digit of (35/10)/(f/2)?
7
Suppose -4*p + 5*p - 5*h = -7, -5*h + 25 = 0. What is the units digit of p?
8
Suppose t + 4 = 5*t. Let m be (t/2)/(2/4). Suppose q - 13 = m. What is the tens digit of q?
1
Let v = 24 + -27. Let t(b) = -2*b**3 - b**2 - 11*b + 7. Let q(x) = -x**3 - x**2 - 5*x + 3. Let o(p) = 5*q(p) - 2*t(p). What is the tens digit of o(v)?
1
Suppose 5*m - 240 = 60. What is the tens digit of m?
6
Suppose -905 = -5*m + 350. What is the tens digit of m?
5
Let t(n) = 4*n + 2. Let l(v) = -7*v - 4. Let p(s) = 3*l(s) + 5*t(s). Let f be p(-5). Suppose -c = f*c + 3*i - 61, 30 = 3*c - 3*i. What is the tens digit of c?
1
Let k(w) = -w**3 + 9*w**2 - 9*w + 6. Let o be k(8). Let j = o + 2. Suppose j = -t + 2*t + 3*x + 9, -3*t = -2*x - 17. What is the units digit of t?
3
What is the tens digit of 4/3*(0 + 39)?
5
Let h(q) be the first derivative of -q**4/4 + 7*q**3/3 - 2*q**2 + 3*q - 2. What is the tens digit of h(6)?
1
Suppose 0 = -5*h - 8 + 28. Suppose -2*b + 28 = -h*s, 5*s + 0*s + 28 = 2*b. What is the units digit of b?
4
Let z = -4 - -9. Suppose -z*n + 12 = 2*b - 6*b, 0 = -3*b + 4*n - 10. Suppose 3*p = 3*l + 12, -2*l + 12 = b*l. What is the units digit of p?
7
Suppose -6*o + 10 = -o - 4*y, -5*y = -o + 2. Suppose 0 = i + o*h - 22, -i + 4*h + 6 - 2 = 0. What is the tens digit of i?
1
Suppose 0 = 2*x - o + 4 + 1, 4*o - 20 = -x. Suppose 